= -360. What is the units digit of 34/(24/(-9)*3/r)?
5
Suppose c = -1 - 2. What is the units digit of (126/(-56))/(c/564)?
3
Let y(c) = 48*c**2 + 41*c - 313. What is the hundreds digit of y(8)?
0
Let o(c) = 175*c - 1. Let i be o(-2). Let l(q) = 11*q**2 + 8*q - 1. Let w be l(7). Let s = w + i. What is the units digit of s?
3
Let p = -3067 + 1793. Let w = 1841 + p. What is the tens digit of w?
6
What is the units digit of (-11297628)/(-798) - (-9)/(-21)?
7
Let f = -569 + 860. Let k = f - -55. What is the tens digit of k?
4
Let j = 3758 + -2181. Let v = j - 933. What is the hundreds digit of v?
6
Suppose 16*y = 4*s + 13*y - 26799, -33494 = -5*s - y. What is the hundreds digit of s?
6
Let q(l) = -28*l - 57. Let x be q(13). Let c = x - -768. What is the units digit of c?
7
Let f(y) = -100*y + 438. What is the thousands digit of f(-26)?
3
Suppose n = f + 170, -n - n - f = -334. Suppose -7*y = -1027 + 663. Suppose y = z - n. What is the units digit of z?
0
Let u be ((-8)/6)/((-32)/22416). Let l = 1498 - u. What is the hundreds digit of l?
5
Suppose 4*v = w, 3*w + 15 = -5*v + 2*v. Let n(g) = 7*g + 8. Let j be n(w). Let m = 160 + j. What is the hundreds digit of m?
1
Let x = -770 + 1335. Suppose 0 = 7*j + 28 - 42. Suppose j*i + 52 = 5*w + 593, 0 = 2*i + 3*w - x. What is the hundreds digit of i?
2
Let g = -10 - -12. Let c be 77/(-63) + g/9 - -3. Suppose 0 = -2*q - 0*q - 5*m - 12, 4 = -q - c*m. What is the units digit of q?
4
Let z = -968 - -1705. Suppose -4*j + z = n, 5*j - 4*j = 5*n - 3580. What is the hundreds digit of n?
7
Let o = 19688 + -11491. What is the hundreds digit of o?
1
Let h(z) = -3*z**3 - 11*z**2 + 37*z + 181. What is the hundreds digit of h(-22)?
9
Let q(o) = 42*o + 158. Let x(b) = b**3 + 47*b**2 + 2*b + 118. Let m be x(-47). What is the hundreds digit of q(m)?
1
Let s be 6840/((-12)/(-4)) + 5. Suppose 59*y - s = 4618. What is the hundreds digit of y?
1
Let v = -10143 + 17555. What is the thousands digit of v?
7
Let j = 299 + -161. Suppose -11*b + 10*b = -j. Let p = b + -63. What is the tens digit of p?
7
Let i(s) = s**3 - s**2 + 3*s - 9. Let t be i(5). Let z = t - 117. Let q(v) = -31*v - 33. What is the units digit of q(z)?
8
Let k(p) = -27*p**3 - 17*p**2 + 8*p - 21. Let l be k(-10). Suppose l = 32*q - 27793. What is the tens digit of q?
5
Let b(r) = 4 - 4*r + 2*r**2 - 17 + 11. Let u be b(5). Suppose -66 = -2*w + u. What is the tens digit of w?
4
Let u(y) = 5*y**2 + 113*y - 111. What is the hundreds digit of u(-42)?
9
Let f be ((-14)/(-21))/((-1)/(-411)). Suppose c + c = -j + f, 4*j - 1096 = c. Suppose 0 = 4*r - 22 - j. What is the tens digit of r?
7
Let v = -16 + 232. Suppose -l + 2*u = -129, u + 328 + v = 4*l. What is the units digit of l?
7
Let s = 6419 - -17219. What is the units digit of s?
8
Let s(f) = -403*f + 2391. What is the thousands digit of s(-28)?
3
Let g be (-2)/3*1*-84 - 0. Let z be 18/4*g/(-3). What is the units digit of -1*2846/(-14) - (-24)/z?
3
Let x = -44 - -49. Suppose -3*i - 523 = 4*d - 6*d, x*d - 1305 = 5*i. Let l = 437 - d. What is the tens digit of l?
7
Let c(q) = 52*q - 29. Let x(m) = -7*m - 5*m - 20*m + 15 + 6*m. Let f(d) = -4*c(d) - 7*x(d). What is the hundreds digit of f(-6)?
1
Suppose -11992 = -q - 3*y, q + 113*y - 112*y = 12002. What is the hundreds digit of q?
0
Let y be -12 + 12 + 142*-1. What is the hundreds digit of y/(-2 + 4)*(-9 - -4)?
3
Let v(s) = -5*s - 12. Let f be v(-35). Suppose f = 2*u - 225. What is the tens digit of u?
9
Suppose -877 = -2*c + 4*w + 1053, -961 = -c + 4*w. Suppose -c = 13*f - 5285. What is the units digit of f?
2
Suppose 4*y - 6*w + 13 = -w, 5*y = 5*w - 10. Let t(u) = 5*u**2 - 3*u - 13 + u**y + 4*u**2 - 3*u**2. What is the units digit of t(-6)?
5
Suppose 0 = 85*a - 115*a + 54420. What is the hundreds digit of a?
8
Let n(x) = 7*x**2 - 16*x - 18. Suppose 6*w = -4*w + 80. Suppose 2 = -2*g - w. What is the tens digit of n(g)?
3
Suppose 0 = -12*s + 31*s - 171893. What is the units digit of s?
7
Let t be (-1410)/(-4)*13/(650/40). Suppose 2482 = -9*o + 826. Let j = t + o. What is the tens digit of j?
9
Suppose 4*i = -x - 1, 2*i = 7*i + 2*x + 2. Suppose i = -68*s + 69*s - 3. Suppose 64 = 2*m + 2*v, -4*v - 47 = -s*m + 2*m. What is the tens digit of m?
3
Let g(v) = 6*v**3 + 6*v**2 - 4*v + 29. What is the hundreds digit of g(11)?
6
Let a be 11024/20 - (1 - (-16)/(-20)). Let g = 608 + a. What is the thousands digit of g?
1
Suppose 19 = i + 64*k - 61*k, -28 = -2*i - 4*k. Suppose i*o - 8308 = -2*q, q + 1890 + 187 = o. What is the tens digit of o?
7
Suppose -2*x = 3*q - 47126, 4*x = -4*q + 6*x + 62844. What is the units digit of q?
0
Suppose 0 = 4*x + 11*x - 5805. Suppose 3*m = -2*q + 5*q - 1149, q - x = 3*m. Let h = q - 155. What is the hundreds digit of h?
2
Let u = -45 - -86. Suppose -p - 45 = -u. What is the hundreds digit of 128 - (p - -1)*(-8)/(-6)?
1
Let p(w) = -w**3 - 6*w**2 + 3*w + 11. Suppose -2*k + 5*k = 0. Suppose 7 = -b - k*b. What is the tens digit of p(b)?
3
Suppose -48 = -19*v + 47. Suppose -y + 4 = 0, -6*l + 1745 = -3*l + v*y. What is the units digit of l?
5
Let l(d) = 11 - 45 + 5174*d - 5251*d. What is the units digit of l(-5)?
1
Let k(g) = 116*g**2 - 77*g**2 - 38*g**2 + 19*g - 252. What is the tens digit of k(27)?
9
Let r be (-8 + 9)/((-1)/(-4)*2). Suppose y = -3*k + 157, 2*y - 4*y + r*k = -354. What is the hundreds digit of y?
1
Suppose 0 = 3*s + i - 162, s = -3*i - 34 + 88. Suppose 0 = -s*m + 49*m + 10. Suppose 6*p - 60 = m*p. What is the tens digit of p?
1
Let n = 133 - 128. Suppose 0 = -5*l - b + 749 + 330, n*b - 859 = -4*l. What is the units digit of l?
6
Suppose -35*p - 131762 = -5*m - 31*p, -105410 = -4*m + 3*p. What is the tens digit of m?
5
Let v be 3 - (1 - 8 - (-18 + 13)). Suppose 4*t - 3836 = s, v*s + 587 + 391 = t. What is the hundreds digit of t?
9
Suppose 25020 + 14941 = 25*c - 62589. What is the units digit of c?
2
Let k = 390 + -1212. Let s = k - -1824. What is the units digit of s?
2
Let q(s) = -65*s + 11. Let m be q(8). Let n = m - -1046. What is the units digit of n?
7
Let x be (-3)/(-2) + (-155)/(-10). Let a = -12 + x. Suppose -l = a*n - 992, l + 0*l - 2 = 0. What is the tens digit of n?
9
What is the thousands digit of (-1)/8 - ((-1377750)/176 + -4)?
7
Let m(j) = 95*j**2 + 43*j + 169. What is the thousands digit of m(-4)?
1
Suppose 2*r - 380 = 3*s + 1253, -5*r - 3*s + 4135 = 0. Suppose 0 = -r*u + 821*u + 1833. What is the units digit of u?
1
Let h(b) = -9*b + 101. Let q be h(17). What is the tens digit of ((-6565)/q - (-2)/(-8)) + -5?
2
Suppose -3806 - 630 = 4*w. Let b = -418 - w. What is the units digit of b?
1
Let z(c) = -20*c**2. Let v = -38 - -37. Let t be z(v). What is the units digit of 3 - (1 - -3) - t?
9
Let q be ((-4)/6)/(5/60). Let r = -6 - q. What is the units digit of 9*r - (-11 + 14)?
5
Let t(l) = -55*l + l - 7 + 44 + 20*l. What is the units digit of t(-12)?
5
Suppose 49803 = 6*t - 3*t - y, -t = 3*y - 16621. What is the tens digit of t?
0
Suppose 199952 - 1644403 = -69*z + 516046. What is the hundreds digit of z?
4
Let v(p) = p**2 - 5*p - 20. Let z be v(7). Let k be (z/(-8))/(12/96). Suppose k*s - 9*s = -219. What is the units digit of s?
3
Let k = 282 + -284. What is the units digit of k + (-6 - -5)*-4 + 402?
4
Let v(h) = -9*h - 53. Let d be v(-5). Let f(t) = t**2 - 33*t + 15. What is the units digit of f(d)?
3
Suppose -47505 = -13*y - 11521. What is the units digit of y?
8
Suppose 115946 = 6*r - 22606. What is the ten thousands digit of r?
2
Suppose 10 = 2*m + 26. Let h be -77 - ((-16)/4 - -2). Let y = m - h. What is the tens digit of y?
6
Suppose -2*k - 2*x - 1477 = -175, k = 5*x - 681. What is the hundreds digit of (k/5 + 13/65)*-5?
6
What is the units digit of 24226/5*(-115 - -120)?
6
Suppose 0 = -61*u + 64*u + 1554. Let c = u + 1548. What is the hundreds digit of c?
0
Suppose w = -3*k + 32, 2*w - 31 = -4*k + 23. Suppose -11*y = -w*y + 30. Suppose -r + 1260 = y*r. What is the units digit of r?
0
Suppose 206*s - 752409 - 1016960 = 509609. What is the hundreds digit of s?
0
Let a = 75372 + -47436. What is the units digit of a?
6
Let h(y) = 3*y - 1. Let w be h(-6). Let c be (-624)/(-80)*3/(6/10). Let d = w + c. What is the tens digit of d?
2
Suppose -33*b + 26*b - 21 = 0. Let v(u) = 204*u**2 - 32*u - 96. What is the hundreds digit